{"id":19134,"date":"2026-03-10T09:02:36","date_gmt":"2026-03-10T08:02:36","guid":{"rendered":"https:\/\/www.maderasmenur.com\/politica-sulla-privacy\/"},"modified":"2026-03-26T17:50:46","modified_gmt":"2026-03-26T16:50:46","slug":"politica-sulla-privacy","status":"publish","type":"page","link":"https:\/\/www.maderasmenur.com\/it\/politica-sulla-privacy\/","title":{"rendered":"Politica sulla Privacy"},"content":{"rendered":"<section  class='av_textblock_section av-js3dazyp-875c08f04a59415d616dad1afa87ea2b '   itemscope=\"itemscope\" itemtype=\"https:\/\/schema.org\/CreativeWork\" >\n<div class='avia_textblock'  itemprop=\"text\" >\n<div id=\"clickdatos\">\n<p><strong>POLITICA SULLA PRIVACY<\/strong><\/p>\n<p>Questa politica sulla privacy descrive i dati personali raccolti o generati (trattati) come cliente e fornitore di MADERAS MENUR S.L. Spiega inoltre come vengono utilizzati, condivisi e protetti i suoi dati personali, quali opzioni ha in relazione ai suoi dati personali e come pu\u00f2 contattarci<\/p>\n<p><strong>CHI \u00e8 il Responsabile del Trattamento dei suoi Dati Personali?<\/strong><\/p>\n<p>Il responsabile del trattamento \u00e8 MADERAS MENUR SL (di seguito \u201cl&#8217;AZIENDA\u201d) con NIF: B92068592 e i suoi dati di contatto sono:<\/p>\n<p><strong>Indirizzo:<\/strong><br \/>\nPOL\u00cdGONO INDUSTRIAL LA INMACULADA NAVE 11, 29100, CO\u00cdN, M\u00c1LAGA.<\/p>\n<p><strong>Email:<\/strong><br \/>\n<a href=\"mailto:admin@legnosmenur.com\">admin@legnosmenur.com<\/a><\/p>\n<p><strong>QUALI Dati Personali Raccogliamo e QUANDO?<\/strong><\/p>\n<ul>\n<li>Base di Dati (clienti, fornitori): per fornirle i servizi e\/o prodotti richiesti, le chiederemo determinati dati personali come cliente o rappresentante legale del cliente. Come fornitore di servizi dell&#8217;AZIENDA, le chiederemo determinati dati personali come fornitore o rappresentante legale dello stesso.<\/li>\n<\/ul>\n<p>Questi dati personali possono essere:<\/p>\n<ul>\n<li>Dati di contatto, inclusi nome, indirizzo e-mail, numero di telefono e indirizzo di spedizione e fatturazione.<\/li>\n<li>Storico degli acquisti.<\/li>\n<li>Informazioni di pagamento o carta di credito.<\/li>\n<li>Immagini e video.<\/li>\n<\/ul>\n<p>Quando interagisce con le nostre Pagine Web, alcuni dati vengono raccolti automaticamente e condivisi dal suo browser web o dispositivo mobile. Nella politica dei cookie del sito web sono incluse ulteriori informazioni su queste pratiche.<\/p>\n<p><strong>PERCH\u00c9 e COME utilizziamo i Suoi Dati Personali?<\/strong><\/p>\n<ul>\n<li>Base di Dati (clienti, fornitori): per gestire il servizio contrattato, nonch\u00e9 le attivit\u00e0 amministrative derivate.<\/li>\n<\/ul>\n<p>Se lei \u00e8 un cliente attuale dell&#8217;AZIENDA, possiamo utilizzare i dati di contatto forniti per inviarle comunicazioni di marketing su prodotti o servizi simili dell&#8217;AZIENDA, laddove consentito dalla legge applicabile (salvo che abbia rinunciato a ci\u00f2). In altri casi, le chiederemo il consenso per inviarle informazioni di marketing.<\/p>\n<p><strong>Altre finalit\u00e0<\/strong><\/p>\n<p>Possiamo inoltre utilizzare i suoi dati personali per altri scopi e, in tal caso, le forniremo un avviso specifico al momento della raccolta e otterremo il suo consenso quando necessario.<\/p>\n<p><strong>Legittimazione<\/strong><\/p>\n<p>Per il trattamento dei suoi dati personali, la nostra base giuridica dipende da come interagisce con l&#8217;Azienda.<\/p>\n<ul>\n<li>Base di Dati (clienti, fornitori): nel contratto di servizi.<\/li>\n<\/ul>\n<p><strong>CESSIONE dei Suoi Dati Personali<\/strong><\/p>\n<p>L&#8217;AZIENDA pu\u00f2 comunicare i suoi dati personali a:<\/p>\n<ul>\n<li>Terze parti fornitrici di servizi che trattano dati personali per conto dell&#8217;AZIENDA, ad esempio per gestire parte del servizio contrattato, nonch\u00e9 per amministrare determinati servizi e funzioni. Quando si utilizzano servizi prestati da terzi, concorderemo che sia loro richiesta l&#8217;adozione di misure tecniche e organizzative per proteggere i suoi dati personali.<\/li>\n<li>Ad altre terze parti nella misura necessaria per: (i) ottemperare a una richiesta governativa, un ordine giudiziario o la legge applicabile; (ii) prevenire usi illegali del nostro Sito Web; (iii) difenderci da reclami di terzi; e (iv) aiutare nella prevenci\u00f3n o investigaci\u00f3n di frode (ad esempio, falsificazione).<\/li>\n<\/ul>\n<p>Possiamo anche trasferire i dati personali che abbiamo su di lei nel caso in cui vendiamo o trasferiamo la totalit\u00e0 o una parte della nostra attivit\u00e0 o dei nostri beni (incluso in caso di riorganizzazione, scissione, scioglimento o liquidazione).<\/p>\n<p><strong>PROTECCI\u00d3N y GESTI\u00d3N de Sus Datos Personales<\/strong><\/p>\n<p>Utilizamos una variedad de medidas de seguridad t\u00e9cnica y organizativa, incluyendo herramientas de autenticaci\u00f3n, para mantener la seguridad de sus datos personales.<\/p>\n<p><strong>Trasferimenti internazionali dei suoi dati personali<\/strong><\/p>\n<p>Los datos personales que recopilamos (o tratamos) en el contexto dei nostri sistemi di trattamento e delle pagine Web possono essere memorizzati in paesi al di fuori dello Spazio Economico Europeo (SEE). \u00c8 possibile che le leggi di tali paesi non offrcan el mismo nivel de protecci\u00f3n de datos que el pa\u00eds en el que proporcion\u00f3 inicialmente sus datos. No obstante, cuando transferimos sus datos personales a destinatarios en otros pa\u00edses, incluidos los EE. UU., protegeremos esos datos personales tal y como se describe en esta Politica sulla Privacy y de conformidad con la legislaci\u00f3n aplicable.<\/p>\n<p><strong>Conservazione dei suoi dati personali<\/strong><\/p>\n<p>Le sue informazioni personali saranno conservate per il tempo necessario per adempiereto de las finalidades establecidas en esta pol\u00edtica de privacidad (a no ser que la legislaci\u00f3n exija un periodo de conservaci\u00f3n m\u00e1s largo). In generale, ci\u00f2 significa che conserveremo i suoi dati personali finch\u00e9 lei mantenga un rapporto con l&#8217;AZIENDA. Per i dati personali relativi alla responsabilit\u00e0 del servizio prestato, conserveremo i dati per un periodo pi\u00f9 lungo per adempiere agli obblighi legali.<\/p>\n<p><strong>I SUOI DIRITTI en relaci\u00f3n con sus datos personales<\/strong><\/p>\n<p>Usted tiene derecho a solicitar: (i) el acceso a sus datos personales; (ii) una copia electr\u00f3nica de sus datos personales (portabilidad) (iii) la correcci\u00f3n de sus datos personales si est\u00e1n incompletos o son inexactos; o (iv)la eliminaci\u00f3n o restricci\u00f3n de sus datos personales en ciertas circunstancias ofrecidas por la ley. Estos derechos no son absolutos. Cuando hayamos obtenido su consentimiento para el tratamiento de sus datos personales, usted tiene derecho a revocar su consentimiento en cualquier momento.<\/p>\n<p><strong>Se desidera richiedere una copia dei suoi dati personali o esercitare uno degli altri suoi diritti, la preghiamo di contattare l&#8217;AZIENDA tramite:<\/strong><\/p>\n<ul>\n<li><strong>Lettera indirizzata all&#8217;AZIENDA, MADERAS MENUR SL con oggetto CANCELLAZIONE DATI.<\/strong><\/li>\n<\/ul>\n<ul>\n<li><strong>E-mail a<\/strong> <a href=\"mailto:admin@maderasmenur.com\"><strong>admin@maderasmenur.com<\/strong><\/a><strong> con oggetto Politica sulla Privacy.<\/strong><\/li>\n<\/ul>\n<\/div>\n<\/div>\n<\/section>\n","protected":false},"excerpt":{"rendered":"<p>POLITICA SULLA PRIVACY Questa politica sulla privacy descrive i dati personali raccolti o generati (trattati) come cliente e fornitore di MADERAS MENUR S.L. Spiega inoltre come vengono utilizzati, condivisi e protetti i suoi dati personali, quali opzioni ha in relazione ai suoi dati personali e come pu\u00f2 contattarci CHI \u00e8 il Responsabile del Trattamento dei [&hellip;]<\/p>\n","protected":false},"author":0,"featured_media":0,"parent":0,"menu_order":0,"comment_status":"closed","ping_status":"closed","template":"","meta":{"footnotes":""},"class_list":["post-19134","page","type-page","status-publish","hentry"],"_links":{"self":[{"href":"https:\/\/www.maderasmenur.com\/it\/wp-json\/wp\/v2\/pages\/19134","targetHints":{"allow":["GET"]}}],"collection":[{"href":"https:\/\/www.maderasmenur.com\/it\/wp-json\/wp\/v2\/pages"}],"about":[{"href":"https:\/\/www.maderasmenur.com\/it\/wp-json\/wp\/v2\/types\/page"}],"replies":[{"embeddable":true,"href":"https:\/\/www.maderasmenur.com\/it\/wp-json\/wp\/v2\/comments?post=19134"}],"version-history":[{"count":9,"href":"https:\/\/www.maderasmenur.com\/it\/wp-json\/wp\/v2\/pages\/19134\/revisions"}],"predecessor-version":[{"id":19661,"href":"https:\/\/www.maderasmenur.com\/it\/wp-json\/wp\/v2\/pages\/19134\/revisions\/19661"}],"wp:attachment":[{"href":"https:\/\/www.maderasmenur.com\/it\/wp-json\/wp\/v2\/media?parent=19134"}],"curies":[{"name":"wp","href":"https:\/\/api.w.org\/{rel}","templated":true}]}}

<section  class='av_textblock_section av-js3dazyp-875c08f04a59415d616dad1afa87ea2b '   itemscope="itemscope" itemtype="https://schema.org/CreativeWork" >
<div class='avia_textblock'  itemprop="text" >
<div id="clickdatos">
<p><strong>POLITICA SULLA PRIVACY</strong></p>
<p>Questa politica sulla privacy descrive i dati personali raccolti o generati (trattati) come cliente e fornitore di MADERAS MENUR S.L. Spiega inoltre come vengono utilizzati, condivisi e protetti i suoi dati personali, quali opzioni ha in relazione ai suoi dati personali e come può contattarci</p>
<p><strong>CHI è il Responsabile del Trattamento dei suoi Dati Personali?</strong></p>
<p>Il responsabile del trattamento è MADERAS MENUR SL (di seguito “l&#8217;AZIENDA”) con NIF: B92068592 e i suoi dati di contatto sono:</p>
<p><strong>Indirizzo:</strong><br />
POLÍGONO INDUSTRIAL LA INMACULADA NAVE 11, 29100, COÍN, MÁLAGA.</p>
<p><strong>Email:</strong><br />
<a href="mailto:admin@legnosmenur.com">admin@legnosmenur.com</a></p>
<p><strong>QUALI Dati Personali Raccogliamo e QUANDO?</strong></p>
<ul>
<li>Base di Dati (clienti, fornitori): per fornirle i servizi e/o prodotti richiesti, le chiederemo determinati dati personali come cliente o rappresentante legale del cliente. Come fornitore di servizi dell&#8217;AZIENDA, le chiederemo determinati dati personali come fornitore o rappresentante legale dello stesso.</li>
</ul>
<p>Questi dati personali possono essere:</p>
<ul>
<li>Dati di contatto, inclusi nome, indirizzo e-mail, numero di telefono e indirizzo di spedizione e fatturazione.</li>
<li>Storico degli acquisti.</li>
<li>Informazioni di pagamento o carta di credito.</li>
<li>Immagini e video.</li>
</ul>
<p>Quando interagisce con le nostre Pagine Web, alcuni dati vengono raccolti automaticamente e condivisi dal suo browser web o dispositivo mobile. Nella politica dei cookie del sito web sono incluse ulteriori informazioni su queste pratiche.</p>
<p><strong>PERCHÉ e COME utilizziamo i Suoi Dati Personali?</strong></p>
<ul>
<li>Base di Dati (clienti, fornitori): per gestire il servizio contrattato, nonché le attività amministrative derivate.</li>
</ul>
<p>Se lei è un cliente attuale dell&#8217;AZIENDA, possiamo utilizzare i dati di contatto forniti per inviarle comunicazioni di marketing su prodotti o servizi simili dell&#8217;AZIENDA, laddove consentito dalla legge applicabile (salvo che abbia rinunciato a ciò). In altri casi, le chiederemo il consenso per inviarle informazioni di marketing.</p>
<p><strong>Altre finalità</strong></p>
<p>Possiamo inoltre utilizzare i suoi dati personali per altri scopi e, in tal caso, le forniremo un avviso specifico al momento della raccolta e otterremo il suo consenso quando necessario.</p>
<p><strong>Legittimazione</strong></p>
<p>Per il trattamento dei suoi dati personali, la nostra base giuridica dipende da come interagisce con l&#8217;Azienda.</p>
<ul>
<li>Base di Dati (clienti, fornitori): nel contratto di servizi.</li>
</ul>
<p><strong>CESSIONE dei Suoi Dati Personali</strong></p>
<p>L&#8217;AZIENDA può comunicare i suoi dati personali a:</p>
<ul>
<li>Terze parti fornitrici di servizi che trattano dati personali per conto dell&#8217;AZIENDA, ad esempio per gestire parte del servizio contrattato, nonché per amministrare determinati servizi e funzioni. Quando si utilizzano servizi prestati da terzi, concorderemo che sia loro richiesta l&#8217;adozione di misure tecniche e organizzative per proteggere i suoi dati personali.</li>
<li>Ad altre terze parti nella misura necessaria per: (i) ottemperare a una richiesta governativa, un ordine giudiziario o la legge applicabile; (ii) prevenire usi illegali del nostro Sito Web; (iii) difenderci da reclami di terzi; e (iv) aiutare nella prevención o investigación di frode (ad esempio, falsificazione).</li>
</ul>
<p>Possiamo anche trasferire i dati personali che abbiamo su di lei nel caso in cui vendiamo o trasferiamo la totalità o una parte della nostra attività o dei nostri beni (incluso in caso di riorganizzazione, scissione, scioglimento o liquidazione).</p>
<p><strong>PROTECCIÓN y GESTIÓN de Sus Datos Personales</strong></p>
<p>Utilizamos una variedad de medidas de seguridad técnica y organizativa, incluyendo herramientas de autenticación, para mantener la seguridad de sus datos personales.</p>
<p><strong>Trasferimenti internazionali dei suoi dati personali</strong></p>
<p>Los datos personales que recopilamos (o tratamos) en el contexto dei nostri sistemi di trattamento e delle pagine Web possono essere memorizzati in paesi al di fuori dello Spazio Economico Europeo (SEE). È possibile che le leggi di tali paesi non offrcan el mismo nivel de protección de datos que el país en el que proporcionó inicialmente sus datos. No obstante, cuando transferimos sus datos personales a destinatarios en otros países, incluidos los EE. UU., protegeremos esos datos personales tal y como se describe en esta Politica sulla Privacy y de conformidad con la legislación aplicable.</p>
<p><strong>Conservazione dei suoi dati personali</strong></p>
<p>Le sue informazioni personali saranno conservate per il tempo necessario per adempiereto de las finalidades establecidas en esta política de privacidad (a no ser que la legislación exija un periodo de conservación más largo). In generale, ciò significa che conserveremo i suoi dati personali finché lei mantenga un rapporto con l&#8217;AZIENDA. Per i dati personali relativi alla responsabilità del servizio prestato, conserveremo i dati per un periodo più lungo per adempiere agli obblighi legali.</p>
<p><strong>I SUOI DIRITTI en relación con sus datos personales</strong></p>
<p>Usted tiene derecho a solicitar: (i) el acceso a sus datos personales; (ii) una copia electrónica de sus datos personales (portabilidad) (iii) la corrección de sus datos personales si están incompletos o son inexactos; o (iv)la eliminación o restricción de sus datos personales en ciertas circunstancias ofrecidas por la ley. Estos derechos no son absolutos. Cuando hayamos obtenido su consentimiento para el tratamiento de sus datos personales, usted tiene derecho a revocar su consentimiento en cualquier momento.</p>
<p><strong>Se desidera richiedere una copia dei suoi dati personali o esercitare uno degli altri suoi diritti, la preghiamo di contattare l&#8217;AZIENDA tramite:</strong></p>
<ul>
<li><strong>Lettera indirizzata all&#8217;AZIENDA, MADERAS MENUR SL con oggetto CANCELLAZIONE DATI.</strong></li>
</ul>
<ul>
<li><strong>E-mail a</strong> <a href="mailto:admin@maderasmenur.com"><strong>admin@maderasmenur.com</strong></a><strong> con oggetto Politica sulla Privacy.</strong></li>
</ul>
</div>
</div>
</section>

<p>POLITICA SULLA PRIVACY Questa politica sulla privacy descrive i dati personali raccolti o generati (trattati) come cliente e fornitore di MADERAS MENUR S.L. Spiega inoltre come vengono utilizzati, condivisi e protetti i suoi dati personali, quali opzioni ha in relazione ai suoi dati personali e come può contattarci CHI è il Responsabile del Trattamento dei [&hellip;]</p>
